
False
Is 265 a factor of 621371?
False
Is 149 a factor of 5910491?
False
Does 9 divide 3596?
False
Is 11380185 a multiple of 64?
False
Is 2249603 a multiple of 44?
False
Is 42 a factor of 253302?
True
Is 31 a factor of 15964102?
False
Does 260 divide 1118780?
True
Does 850 divide 2956416?
False
Is 225830 a multiple of 200?
False
Is 59 a factor of 274881?
True
Does 6 divide 511908?
True
Is 1013746 a multiple of 22?
False
Does 701 divide 1262501?
True
Does 572 divide 3570424?
True
Is 38169 a multiple of 13?
False
Does 152 divide 136900?
False
Is 93376 a multiple of 64?
True
Is 423237 a multiple of 2?
False
Is 6 a factor of 4270866?
True
Is 919640 a multiple of 41?
False
Is 7 a factor of 89769?
False
Is 245768 a multiple of 31?
True
Is 589 a factor of 659091?
True
Does 97 divide 19835047?
False
Does 568 divide 4054952?
True
Does 299 divide 211094?
True
Does 33 divide 25299285?
True
Does 488 divide 27032?
False
Is 4 a factor of 45688?
True
Is 113 a factor of 40728?
False
Does 305 divide 9614515?
True
Is 349506 a multiple of 25?
False
Does 60 divide 639300?
True
Is 6 a factor of 4729335?
False
Is 542244 a multiple of 438?
True
Is 1187256 a multiple of 259?
True
Does 57 divide 27917?
False
Is 9855 a multiple of 3?
True
Is 2072435 a multiple of 9?
False
Is 592343 a multiple of 54?
False
Is 826045 a multiple of 17?
False
Does 39 divide 8139846?
True
Does 7 divide 153500?
False
Is 6458926 a multiple of 162?
False
Is 1774593 a multiple of 12?
False
Does 822 divide 3070621?
False
Is 16 a factor of 1363152?
True
Is 68 a factor of 6916212?
True
Does 61 divide 1417701?
True
Does 4 divide 36997?
False
Is 4546499 a multiple of 13?
False
Is 592808 a multiple of 4?
True
Does 223 divide 176616?
True
Is 44 a factor of 2306656?
True
Is 282 a factor of 45402?
True
Is 271464 a multiple of 12?
True
Does 6 divide 2977293?
False
Does 12 divide 82442?
False
Is 38548 a multiple of 102?
False
Does 15 divide 339255?
True
Is 22 a factor of 329318?
True
Does 20 divide 2114580?
True
Is 32132028 a multiple of 125?
False
Is 22 a factor of 21858?
False
Does 10 divide 299554?
False
Does 227 divide 2627711?
False
Does 146 divide 2072908?
True
Is 76 a factor of 5788871?
False
Is 261076 a multiple of 389?
False
Is 21 a factor of 11014144?
False
Is 127253 a multiple of 41?
False
Does 120 divide 137081?
False
Is 3120 a multiple of 4?
True
Is 19709615 a multiple of 17?
False
Does 90 divide 1096110?
True
Does 17 divide 198968?
True
Does 2339 divide 14740378?
True
Is 703369 a multiple of 159?
False
Is 24 a factor of 1163343?
False
Does 32 divide 224529?
False
Does 11 divide 822903?
False
Is 7 a factor of 739871?
False
Is 1599237 a multiple of 183?
True
Is 17 a factor of 2096?
False
Is 12 a factor of 500712?
True
Is 15 a factor of 508080?
True
Is 98 a factor of 309582?
True
Does 201 divide 182106?
True
Is 86 a factor of 9030?
True
Is 13 a factor of 25903319?
True
Does 67 divide 573718?
False
Is 131 a factor of 192963?
True
Is 107464 a multiple of 7?
True
Is 352255 a multiple of 21?
False
Is 1358614 a multiple of 10?
False
Is 12 a factor of 1101747?
False
Does 38 divide 15747?
False
Is 174295 a multiple of 10?
False
Is 74163 a multiple of 31?
False
Does 264 divide 283524?
False
Is 16194717 a multiple of 11?
True
Does 333 divide 350649?
True
Is 47 a factor of 1951017?
True
Does 77 divide 46970?
True
Does 43 divide 370528?
False
Does 53 divide 14204?
True
Does 31 divide 189414?
False
Is 596400 a multiple of 852?
True
Is 151 a factor of 1497029?
False
Does 261 divide 1071494?
False
Is 177 a factor of 271518?
True
Does 496 divide 446361?
False
Is 1003 a factor of 11138581?
False
Is 180948 a multiple of 12?
True
Is 12 a factor of 86376?
True
Is 108 a factor of 2817288?
True
Does 7 divide 84313?
False
Is 2516 a multiple of 34?
True
Is 4488 a multiple of 34?
True
Is 7 a factor of 7677828?
False
Does 3 divide 1920057?
True
Does 41 divide 39524?
True
Is 472 a factor of 9458880?
True
Is 482 a factor of 346508?
False
Is 11 a factor of 827971?
False
Does 13 divide 29913?
True
Is 497 a factor of 458409?
False
Does 149 divide 6699783?
False
Is 29626 a multiple of 4?
False
Is 15474 a multiple of 30?
False
Is 62580 a multiple of 447?
True
Is 87848 a multiple of 10?
False
Is 7 a factor of 1727707?
False
Is 45 a factor of 6343650?
True
Is 775 a factor of 4753850?
True
Is 4509484 a multiple of 46?
False
Is 372345 a multiple of 723?
True
Is 12347846 a multiple of 103?
True
Is 20626202 a multiple of 17?
True
Is 1541879 a multiple of 250?
False
Is 17 a factor of 285756?
False
Is 2639640 a multiple of 20?
True
Is 2210 even?
True
Does 28 divide 866852?
True
Is 552 a factor of 1915220?
False
Is 4316620 a multiple of 385?
True
Is 375 a factor of 72750?
True
Is 11154 a multiple of 7?
False
Is 81 a factor of 17944633?
False
Is 4 a factor of 191488?
True
Is 258 a factor of 1574707?
False
Is 38 a factor of 47556?
False
Is 9434739 a multiple of 88?
False
Is 59 a factor of 35627?
False
Is 4 a factor of 168614?
False
Does 15 divide 2715735?
True
Is 33 a factor of 19305?
True
Is 110695 a multiple of 4?
False
Is 3267822 a multiple of 6?
True
Is 236181 a multiple of 561?
True
Is 59 a factor of 42040?
False
Does 69 divide 213072?
True
Is 141752 a multiple of 188?
True
Does 469 divide 3450600?
False
Is 1601 a multiple of 8?
False
Is 8 a factor of 5368344?
True
Is 5 a factor of 77818?
False
Is 402 a factor of 2381276?
False
Is 257025 a multiple of 447?
True
Does 233 divide 20851903?
False
Is 37583 a multiple of 7?
True
Is 33 a factor of 91311?
True
Is 4537582 a multiple of 46?
False
Is 449818 a multiple of 349?
False
Is 16 a factor of 47216?
True
Is 286508 a multiple of 272?
False
Is 18 a factor of 268614?
True
Is 30 a factor of 753210?
True
Does 75 divide 1020312?
False
Is 90 a factor of 28260?
True
Is 15 a factor of 55563?
False
Is 132058 a multiple of 46?
False
Is 1056 a multiple of 4?
True
Is 141 a factor of 277048?
False
Does 211 divide 4760360?
False
Is 28 a factor of 468216?
True
Is 61474 a multiple of 29?
False
Does 566 divide 249606?
True
Does 16 divide 912685?
False
Is 99 a factor of 162563?
False
Is 7986060 a multiple of 414?
True
Is 12 a factor of 689335?
False
Is 2 a factor of 4662329?
False
Does 66 divide 6006?
True
Is 22 a factor of 6463267?
False
Is 1080600 a multiple of 25?
True
Does 786 divide 4479414?
True
Does 398 divide 181940?
False
Does 49 divide 155807?
False
Is 376 a factor of 1097168?
True
Is 2 a factor of 1124112?
True
Is 194826 a multiple of 19?
True
Does 269 divide 181399?
False
Is 3304952 a multiple of 8?
True
Is 64074 a multiple of 177?
True
Does 10 divide 1461214?
False
Does 17 divide 154415?
False
Does 67 divide 19549327?
True
Is 99288 a multiple of 3?
True
Is 28 a factor of 356888?
True
Does 705 divide 37365?
True
Does 21 divide 2928577?
False
Does 51 divide 6307955?
False
Does 633 divide 3685326?
True
Is 416 a factor of 99424?
True
Does 5 divide 3645?
True
Is 70631 a multiple of 21?
False
Is 13 a factor of 530790?
True
Does 12 divide 9103380?
True
Is 175634 a multiple of 44?
False
Is 40894 a multiple of 434?
False
Is 1679840 a multiple of 67?
False
Is 114370 a multiple of 102?
False
Does 110 divide 52470?
True
Does 326 divide 3154672?
False
Does 17 divide 160344?
True
Does 876 divide 1692893?
False
Does 50 divide 708848?
False
Does 7 divide 209538?
True
Is 140239 a multiple of 42?
False
Is 54473 a multiple of 40?
False
Does 102 divide 4981782?
True
Is 1750782 a multiple of 66?
True
Is 5 a factor of 47846?
False
Is 28489 a multiple of 30?
False
Is 6 a factor of 74598?
True
Is 46 a factor of 723686?
False
Is 8 a factor of 828642?
False
Is 17685066 a multiple of 987?
True
Is 107697 a multiple of 67?
False
Does 14 divide 140738?
False
Does 484 divide 9676686?
False
Does 500 divide 30000?
True
Is 99 a factor of 57045?
False
Does 33 divide 202686?
True
Is 33184 a multiple of 8?
True
Is 368179 a multiple of 12?
False
Does 72 divide 6198846?
False
Is 91 a factor of 147335?
False
Does 205 divide 239850?
True
Does 97 divide 107169?
False
Is 2932035 a multiple of 38?
False
Is 306 a factor of 18060370?
False
Is 180 a factor of 111780?
True
Is 192 a factor of 167100?
False
Is 543 a factor of 2326212?
True
Is 21553 a multiple of 7?
True
Is 44 a factor of 955152?
True
Is 16 a factor of 141629?
False
Is